is the highest common factor of 105 and 1176?
21
What is the greatest common divisor of 138 and 8?
2
Calculate the highest common factor of 192 and 416.
32
What is the greatest common divisor of 45 and 210?
15
What is the greatest common divisor of 225 and 261?
9
What is the greatest common divisor of 26 and 26?
26
Calculate the highest common factor of 588 and 12.
12
Calculate the highest common factor of 14 and 175.
7
Calculate the highest common divisor of 54 and 27882.
18
What is the greatest common factor of 1265 and 275?
55
Calculate the greatest common factor of 2714 and 46.
46
Calculate the greatest common factor of 1776 and 111.
111
Calculate the highest common factor of 1 and 4.
1
What is the greatest common divisor of 32 and 128?
32
Calculate the highest common divisor of 20 and 330.
10
Calculate the greatest common divisor of 7317 and 542.
271
What is the greatest common factor of 136 and 1700?
68
What is the highest common divisor of 431 and 1724?
431
Calculate the highest common divisor of 896 and 238.
14
Calculate the greatest common divisor of 30 and 190.
10
Calculate the highest common divisor of 167 and 21376.
167
Calculate the highest common divisor of 27 and 2133.
27
Calculate the highest common divisor of 120 and 18.
6
Calculate the greatest common divisor of 96 and 24.
24
What is the highest common divisor of 330 and 176?
22
Calculate the greatest common divisor of 26 and 1222.
26
What is the greatest common divisor of 14 and 3430?
14
What is the greatest common factor of 8366 and 89?
89
Calculate the highest common factor of 40 and 32.
8
Calculate the highest common factor of 58 and 1073.
29
Calculate the greatest common divisor of 66 and 30.
6
What is the highest common divisor of 816 and 48?
48
What is the greatest common divisor of 1554 and 370?
74
What is the greatest common divisor of 16 and 6088?
8
Calculate the greatest common divisor of 39 and 23946.
39
What is the highest common divisor of 1200 and 75?
75
What is the greatest common divisor of 7 and 203?
7
Calculate the highest common divisor of 195 and 22542.
39
What is the greatest common factor of 102 and 16524?
102
What is the highest common divisor of 54 and 27162?
54
What is the highest common divisor of 14 and 6?
2
What is the greatest common factor of 984 and 24?
24
What is the greatest common factor of 1227 and 24?
3
What is the highest common factor of 183 and 6161?
61
What is the greatest common divisor of 207 and 423?
9
Calculate the greatest common divisor of 221 and 34.
17
What is the highest common divisor of 3324 and 12?
12
What is the greatest common factor of 11 and 3476?
11
What is the greatest common divisor of 364 and 560?
28
What is the highest common factor of 1274 and 3276?
182
Calculate the highest common divisor of 2321 and 22.
11
Calculate the greatest common factor of 78 and 32175.
39
Calculate the greatest common factor of 40 and 170.
10
Calculate the greatest common divisor of 396 and 72.
36
What is the greatest common divisor of 228 and 6?
6
Calculate the greatest common factor of 9 and 225.
9
What is the greatest common divisor of 369 and 504?
9
Calculate the greatest common factor of 1 and 653.
1
Calculate the highest common factor of 64 and 2304.
64
What is the highest common divisor of 27 and 2241?
27
Calculate the highest common divisor of 2 and 62.
2
What is the greatest common divisor of 16 and 1264?
16
Calculate the greatest common factor of 118 and 108678.
118
Calculate the greatest common divisor of 164 and 451.
41
Calculate the highest common divisor of 160 and 224.
32
What is the highest common factor of 731 and 1088?
17
Calculate the highest common factor of 90 and 630.
90
Calculate the highest common factor of 31 and 6014.
31
What is the highest common factor of 375 and 15?
15
What is the highest common divisor of 4850 and 350?
50
Calculate the greatest common factor of 207 and 1426.
23
What is the highest common factor of 384 and 312?
24
What is the highest common divisor of 77 and 49?
7
Calculate the greatest common factor of 3 and 75.
3
What is the highest common divisor of 3 and 2?
1
Calculate the highest common divisor of 2623 and 122.
61
What is the greatest common factor of 390 and 30?
30
Calculate the greatest common divisor of 180 and 3520.
20
What is the greatest common factor of 1302 and 546?
42
Calculate the greatest common factor of 1178 and 248.
62
What is the highest common factor of 148 and 1702?
74
Calculate the greatest common divisor of 4719 and 572.
143
Calculate the greatest common factor of 420 and 75.
15
Calculate the greatest common factor of 4402 and 62.
62
Calculate the highest common factor of 10 and 718.
2
Calculate the highest common factor of 36 and 60.
12
What is the highest common factor of 33938 and 71?
71
Calculate the highest common divisor of 11 and 9361.
11
What is the greatest common factor of 14 and 217?
7
What is the highest common factor of 697 and 1972?
17
Calculate the highest common factor of 28 and 11116.
28
What is the greatest common divisor of 29 and 6757?
29
Calculate the greatest common divisor of 735 and 60.
15
What is the highest common divisor of 216 and 504?
72
What is the highest common divisor of 630 and 280?
70
Calculate the highest common divisor of 120 and 110.
10
Calculate the greatest common divisor of 9 and 219.
3
Calculate the highest common factor of 1010 and 303.
101
What is the greatest common factor of 72 and 30?
6
What is the greatest common divisor of 7659 and 621?
207
What is the greatest common divisor of 33 and 176?
11
What is the highest common divisor of 11 and 112?
1
Calculate the highest common divisor of 672 and 4.
4
Calculate the highest common factor of 6589 and 176.
11
What is the greatest common divisor of 24 and 10224?
24
What is the greatest common factor of 1888 and 118?
118
Calculate the highest common factor of 56 and 546.
14
Calculate the highest common factor of 885 and 15.
15
Calculate the highest common divisor of 40 and 90.
10
Calculate the highest common divisor of 264 and 32868.
132
Calculate the greatest common divisor of 39 and 11427.
39
Calculate the greatest common factor of 15464 and 8.
8
Calculate the highest common divisor of 224 and 10584.
56
What is the greatest common divisor of 22 and 2167?
11
Calculate the highest common divisor of 1150 and 10.
10
What is the highest common divisor of 1122 and 68?
34
What is the greatest common factor of 294 and 105?
21
Calculate the highest common divisor of 2106 and 189.
27
Calculate the highest common divisor of 14 and 42.
14
Calculate the greatest common divisor of 3658 and 217.
31
Calculate the greatest common factor of 204 and 1392.
12
What is the highest common divisor of 24 and 632?
8
Calculate the greatest common factor of 5959 and 59.
59
What is the highest common divisor of 39 and 52?
13
Calculate the greatest common factor of 1691 and 114.
19
Calculate the greatest common factor of 3441 and 93.
93
What is the greatest common factor of 860 and 688?
172
Calculate the greatest common divisor of 1910 and 10.
10
Calculate the greatest common factor of 32 and 560.
16
Calculate the highest common divisor of 222 and 148.
74
What is the highest common factor of 3 and 195?
3
Calculate the greatest common divisor of 258 and 86.
86
Calculate the greatest common divisor of 100 and 125.
25
What is the greatest common factor of 1620 and 567?
81
Calculate the highest common factor of 9 and 2619.
9
Calculate the greatest common divisor of 196 and 8771.
49
What is the highest common factor of 48 and 5776?
16
Calculate the greatest common divisor of 57 and 38.
19
What is the highest common factor of 630 and 70?
70
Calculate the greatest common divisor of 160 and 5.
5
Calculate the highest common factor of 108 and 1836.
108
Calculate the greatest common divisor of 45 and 315.
45
What is the highest common factor of 1107 and 246?
123
What is the highest common factor of 486 and 42?
6
Calculate the highest common factor of 1024 and 32.
32
Calculate the highest common factor of 56 and 154.
14
Calculate the highest common factor of 1564 and 598.
46
What is the greatest common divisor of 57 and 133?
19
What is the greatest common divisor of 370 and 80?
10
What is the highest common factor 